{"id":80,"date":"2014-12-02T09:30:24","date_gmt":"2014-12-02T09:30:24","guid":{"rendered":"http:\/\/themes.muffingroup.com\/be\/vision\/?page_id=2"},"modified":"2021-12-11T19:06:35","modified_gmt":"2021-12-11T18:06:35","slug":"home","status":"publish","type":"page","link":"https:\/\/primaertherapie-kiel.de\/psychotherapie\/","title":{"rendered":""},"content":{"rendered":"\t\t<div data-elementor-type=\"wp-page\" data-elementor-id=\"80\" class=\"elementor elementor-80\" data-elementor-settings=\"[]\">\n\t\t\t\t\t\t<div class=\"elementor-inner\">\n\t\t\t\t\t\t\t<div class=\"elementor-section-wrap\">\n\t\t\t\t\t\t\t<section class=\"elementor-section elementor-top-section elementor-element elementor-element-9c58c1d elementor-section-boxed elementor-section-height-default elementor-section-height-default\" data-id=\"9c58c1d\" data-element_type=\"section\">\n\t\t\t\t\t\t<div class=\"elementor-container elementor-column-gap-default\">\n\t\t\t\t\t\t\t<div class=\"elementor-row\">\n\t\t\t\t\t<div class=\"elementor-column elementor-col-100 elementor-top-column elementor-element elementor-element-a9a3179\" data-id=\"a9a3179\" data-element_type=\"column\">\n\t\t\t<div class=\"elementor-column-wrap elementor-element-populated\">\n\t\t\t\t\t\t\t<div class=\"elementor-widget-wrap\">\n\t\t\t\t\t\t<div class=\"elementor-element elementor-element-fba7c1e elementor-widget elementor-widget-heading\" data-id=\"fba7c1e\" data-element_type=\"widget\" data-widget_type=\"heading.default\">\n\t\t\t\t<div class=\"elementor-widget-container\">\n\t\t\t<h2 class=\"elementor-heading-title elementor-size-default\">Psychotherapie in Kiel - Einzeltherapie und Gruppentherapie - kombinierte und ganzheitliche Therapieprogramme <\/h2>\t\t<\/div>\n\t\t\t\t<\/div>\n\t\t\t\t<section class=\"elementor-section elementor-inner-section elementor-element elementor-element-2697642 elementor-section-boxed elementor-section-height-default elementor-section-height-default\" data-id=\"2697642\" data-element_type=\"section\">\n\t\t\t\t\t\t<div class=\"elementor-container elementor-column-gap-default\">\n\t\t\t\t\t\t\t<div class=\"elementor-row\">\n\t\t\t\t\t<div class=\"elementor-column elementor-col-66 elementor-inner-column elementor-element elementor-element-9ec7322\" data-id=\"9ec7322\" data-element_type=\"column\">\n\t\t\t<div class=\"elementor-column-wrap elementor-element-populated\">\n\t\t\t\t\t\t\t<div class=\"elementor-widget-wrap\">\n\t\t\t\t\t\t<div class=\"elementor-element elementor-element-7b4cc50 elementor-widget elementor-widget-text-editor\" data-id=\"7b4cc50\" data-element_type=\"widget\" data-widget_type=\"text-editor.default\">\n\t\t\t\t<div class=\"elementor-widget-container\">\n\t\t\t\t\t\t\t\t<div class=\"elementor-text-editor elementor-clearfix\">\n\t\t\t\t<p class=\"p1\"><b>Mit Hilfe unterschiedlichen angebotenen Module der Therapie k\u00f6nnen Klienten intensiv an sich und ihren Themen Arbeiten. Die Therapie ist ganzheitlich und bezieht die k\u00f6rperliche , die Geistige und die Seelische Ebene mit in die Therapie ein. Die Therapie ist transformatorisch , dass hei\u00dft es geht um Entwicklung , Wandlung und Ver\u00e4nderung der eigenen Pers\u00f6nlichkeit. Es geht darum Masken zu verlieren und klarer , authentischer und Selbstbewusster zu werden. Zu lernen sich und andere Menschen anzunehmen und unter anderem dadurch zu einem erf\u00fcllterem Leben mit intensiven zwischenmenschlichen Beziehungen zu finden.<span class=\"Apple-converted-space\">\u00a0<\/span><\/b><\/p>\t\t\t\t\t<\/div>\n\t\t\t\t\t\t<\/div>\n\t\t\t\t<\/div>\n\t\t\t\t\t\t<\/div>\n\t\t\t\t\t<\/div>\n\t\t<\/div>\n\t\t\t\t<div class=\"elementor-column elementor-col-33 elementor-inner-column elementor-element elementor-element-902d805\" data-id=\"902d805\" data-element_type=\"column\">\n\t\t\t<div class=\"elementor-column-wrap elementor-element-populated\">\n\t\t\t\t\t\t\t<div class=\"elementor-widget-wrap\">\n\t\t\t\t\t\t<div class=\"elementor-element elementor-element-4d8a7c2 elementor-widget elementor-widget-text-editor\" data-id=\"4d8a7c2\" data-element_type=\"widget\" data-widget_type=\"text-editor.default\">\n\t\t\t\t<div class=\"elementor-widget-container\">\n\t\t\t\t\t\t\t\t<div class=\"elementor-text-editor elementor-clearfix\">\n\t\t\t\t<p class=\"p1\"><b>\u00c4ngste , Depression , Zw\u00e4nge , Gr\u00fcbeln sind nur Symptome. Die Grundlegende Entwicklung zu uns Selbst &#8211; zu einem Authentischen \u201eSo-Sein\u201c erm\u00f6glicht es uns diese Symptome , auch nach genauer Betrachtung und Aufschl\u00fcsselung &#8211; hinter uns zu lassen.<\/b><\/p>\t\t\t\t\t<\/div>\n\t\t\t\t\t\t<\/div>\n\t\t\t\t<\/div>\n\t\t\t\t\t\t<\/div>\n\t\t\t\t\t<\/div>\n\t\t<\/div>\n\t\t\t\t\t\t\t\t<\/div>\n\t\t\t\t\t<\/div>\n\t\t<\/section>\n\t\t\t\t\t\t<\/div>\n\t\t\t\t\t<\/div>\n\t\t<\/div>\n\t\t\t\t\t\t\t\t<\/div>\n\t\t\t\t\t<\/div>\n\t\t<\/section>\n\t\t\t\t<section class=\"elementor-section elementor-top-section elementor-element elementor-element-2aec228 elementor-section-boxed elementor-section-height-default elementor-section-height-default\" data-id=\"2aec228\" data-element_type=\"section\">\n\t\t\t\t\t\t<div class=\"elementor-container elementor-column-gap-default\">\n\t\t\t\t\t\t\t<div class=\"elementor-row\">\n\t\t\t\t\t<div class=\"elementor-column elementor-col-100 elementor-top-column elementor-element elementor-element-fa329c5\" data-id=\"fa329c5\" data-element_type=\"column\">\n\t\t\t<div class=\"elementor-column-wrap elementor-element-populated\">\n\t\t\t\t\t\t\t<div class=\"elementor-widget-wrap\">\n\t\t\t\t\t\t<div class=\"elementor-element elementor-element-4523a52 elementor-widget elementor-widget-image\" data-id=\"4523a52\" data-element_type=\"widget\" data-widget_type=\"image.default\">\n\t\t\t\t<div class=\"elementor-widget-container\">\n\t\t\t\t\t\t\t\t<div class=\"elementor-image\">\n\t\t\t\t\t\t\t\t\t\t\t\t<img src=\"https:\/\/primaertherapie-kiel.de\/psychotherapie\/wp-content\/plugins\/elementor\/assets\/images\/placeholder.png\" title=\"\" alt=\"\" \/>\t\t\t\t\t\t\t\t\t\t\t\t\t\t<\/div>\n\t\t\t\t\t\t<\/div>\n\t\t\t\t<\/div>\n\t\t\t\t\t\t<\/div>\n\t\t\t\t\t<\/div>\n\t\t<\/div>\n\t\t\t\t\t\t\t\t<\/div>\n\t\t\t\t\t<\/div>\n\t\t<\/section>\n\t\t\t\t\t\t<\/div>\n\t\t\t\t\t\t<\/div>\n\t\t\t\t\t<\/div>\n\t\t","protected":false},"excerpt":{"rendered":"<p>Psychotherapie in Kiel &#8211; Einzeltherapie und Gruppentherapie &#8211; kombinierte und ganzheitliche Therapieprogramme Mit Hilfe unterschiedlichen angebotenen Module der Therapie k\u00f6nnen Klienten intensiv an sich und ihren Themen Arbeiten. Die Therapie ist ganzheitlich und bezieht die k\u00f6rperliche , die Geistige und die Seelische Ebene mit in die Therapie ein. Die Therapie ist transformatorisch , dass hei\u00dft [&hellip;]<\/p>\n","protected":false},"author":1,"featured_media":0,"parent":0,"menu_order":0,"comment_status":"open","ping_status":"open","template":"","meta":[],"yoast_head":"<!-- This site is optimized with the Yoast SEO plugin v17.5 - https:\/\/yoast.com\/wordpress\/plugins\/seo\/ -->\n<title>- Psychotherapie Kiel<\/title>\n<meta name=\"robots\" content=\"index, follow, max-snippet:-1, max-image-preview:large, max-video-preview:-1\" \/>\n<link rel=\"canonical\" href=\"https:\/\/primaertherapie-kiel.de\/psychotherapie\/\" \/>\n<meta property=\"og:locale\" content=\"de_DE\" \/>\n<meta property=\"og:type\" content=\"article\" \/>\n<meta property=\"og:title\" content=\"- Psychotherapie Kiel\" \/>\n<meta property=\"og:description\" content=\"Psychotherapie in Kiel &#8211; Einzeltherapie und Gruppentherapie &#8211; kombinierte und ganzheitliche Therapieprogramme Mit Hilfe unterschiedlichen angebotenen Module der Therapie k\u00f6nnen Klienten intensiv an sich und ihren Themen Arbeiten. Die Therapie ist ganzheitlich und bezieht die k\u00f6rperliche , die Geistige und die Seelische Ebene mit in die Therapie ein. Die Therapie ist transformatorisch , dass hei\u00dft [&hellip;]\" \/>\n<meta property=\"og:url\" content=\"https:\/\/primaertherapie-kiel.de\/psychotherapie\/\" \/>\n<meta property=\"og:site_name\" content=\"Psychotherapie Kiel\" \/>\n<meta property=\"article:modified_time\" content=\"2021-12-11T18:06:35+00:00\" \/>\n<meta property=\"og:image\" content=\"https:\/\/primaertherapie-kiel.de\/psychotherapie\/wp-content\/plugins\/elementor\/assets\/images\/placeholder.png\" \/>\n<meta name=\"twitter:card\" content=\"summary_large_image\" \/>\n<meta name=\"twitter:label1\" content=\"Gesch\u00e4tzte Lesezeit\" \/>\n\t<meta name=\"twitter:data1\" content=\"1\u00a0Minute\" \/>\n<script type=\"application\/ld+json\" class=\"yoast-schema-graph\">{\"@context\":\"https:\/\/schema.org\",\"@graph\":[{\"@type\":\"WebSite\",\"@id\":\"https:\/\/primaertherapie-kiel.de\/psychotherapie\/#website\",\"url\":\"https:\/\/primaertherapie-kiel.de\/psychotherapie\/\",\"name\":\"Psychotherapie Kiel\",\"description\":\"Fabian Becker (HP-Psych , Dipl.Soz.P\\u00e4d)\",\"potentialAction\":[{\"@type\":\"SearchAction\",\"target\":{\"@type\":\"EntryPoint\",\"urlTemplate\":\"https:\/\/primaertherapie-kiel.de\/psychotherapie\/?s={search_term_string}\"},\"query-input\":\"required name=search_term_string\"}],\"inLanguage\":\"de\"},{\"@type\":\"ImageObject\",\"@id\":\"https:\/\/primaertherapie-kiel.de\/psychotherapie\/#primaryimage\",\"inLanguage\":\"de\",\"url\":\"https:\/\/primaertherapie-kiel.de\/psychotherapie\/wp-content\/plugins\/elementor\/assets\/images\/placeholder.png\",\"contentUrl\":\"https:\/\/primaertherapie-kiel.de\/psychotherapie\/wp-content\/plugins\/elementor\/assets\/images\/placeholder.png\"},{\"@type\":\"WebPage\",\"@id\":\"https:\/\/primaertherapie-kiel.de\/psychotherapie\/#webpage\",\"url\":\"https:\/\/primaertherapie-kiel.de\/psychotherapie\/\",\"name\":\"- Psychotherapie Kiel\",\"isPartOf\":{\"@id\":\"https:\/\/primaertherapie-kiel.de\/psychotherapie\/#website\"},\"primaryImageOfPage\":{\"@id\":\"https:\/\/primaertherapie-kiel.de\/psychotherapie\/#primaryimage\"},\"datePublished\":\"2014-12-02T09:30:24+00:00\",\"dateModified\":\"2021-12-11T18:06:35+00:00\",\"breadcrumb\":{\"@id\":\"https:\/\/primaertherapie-kiel.de\/psychotherapie\/#breadcrumb\"},\"inLanguage\":\"de\",\"potentialAction\":[{\"@type\":\"ReadAction\",\"target\":[\"https:\/\/primaertherapie-kiel.de\/psychotherapie\/\"]}]},{\"@type\":\"BreadcrumbList\",\"@id\":\"https:\/\/primaertherapie-kiel.de\/psychotherapie\/#breadcrumb\",\"itemListElement\":[{\"@type\":\"ListItem\",\"position\":1,\"name\":\"Startseite\",\"item\":\"https:\/\/primaertherapie-kiel.de\/psychotherapie\/\"},{\"@type\":\"ListItem\",\"position\":2,\"name\":\"\"}]}]}<\/script>\n<!-- \/ Yoast SEO plugin. -->","yoast_head_json":{"title":"- Psychotherapie Kiel","robots":{"index":"index","follow":"follow","max-snippet":"max-snippet:-1","max-image-preview":"max-image-preview:large","max-video-preview":"max-video-preview:-1"},"canonical":"https:\/\/primaertherapie-kiel.de\/psychotherapie\/","og_locale":"de_DE","og_type":"article","og_title":"- Psychotherapie Kiel","og_description":"Psychotherapie in Kiel &#8211; Einzeltherapie und Gruppentherapie &#8211; kombinierte und ganzheitliche Therapieprogramme Mit Hilfe unterschiedlichen angebotenen Module der Therapie k\u00f6nnen Klienten intensiv an sich und ihren Themen Arbeiten. Die Therapie ist ganzheitlich und bezieht die k\u00f6rperliche , die Geistige und die Seelische Ebene mit in die Therapie ein. Die Therapie ist transformatorisch , dass hei\u00dft [&hellip;]","og_url":"https:\/\/primaertherapie-kiel.de\/psychotherapie\/","og_site_name":"Psychotherapie Kiel","article_modified_time":"2021-12-11T18:06:35+00:00","og_image":[{"url":"https:\/\/primaertherapie-kiel.de\/psychotherapie\/wp-content\/plugins\/elementor\/assets\/images\/placeholder.png"}],"twitter_card":"summary_large_image","twitter_misc":{"Gesch\u00e4tzte Lesezeit":"1\u00a0Minute"},"schema":{"@context":"https:\/\/schema.org","@graph":[{"@type":"WebSite","@id":"https:\/\/primaertherapie-kiel.de\/psychotherapie\/#website","url":"https:\/\/primaertherapie-kiel.de\/psychotherapie\/","name":"Psychotherapie Kiel","description":"Fabian Becker (HP-Psych , Dipl.Soz.P\u00e4d)","potentialAction":[{"@type":"SearchAction","target":{"@type":"EntryPoint","urlTemplate":"https:\/\/primaertherapie-kiel.de\/psychotherapie\/?s={search_term_string}"},"query-input":"required name=search_term_string"}],"inLanguage":"de"},{"@type":"ImageObject","@id":"https:\/\/primaertherapie-kiel.de\/psychotherapie\/#primaryimage","inLanguage":"de","url":"https:\/\/primaertherapie-kiel.de\/psychotherapie\/wp-content\/plugins\/elementor\/assets\/images\/placeholder.png","contentUrl":"https:\/\/primaertherapie-kiel.de\/psychotherapie\/wp-content\/plugins\/elementor\/assets\/images\/placeholder.png"},{"@type":"WebPage","@id":"https:\/\/primaertherapie-kiel.de\/psychotherapie\/#webpage","url":"https:\/\/primaertherapie-kiel.de\/psychotherapie\/","name":"- Psychotherapie Kiel","isPartOf":{"@id":"https:\/\/primaertherapie-kiel.de\/psychotherapie\/#website"},"primaryImageOfPage":{"@id":"https:\/\/primaertherapie-kiel.de\/psychotherapie\/#primaryimage"},"datePublished":"2014-12-02T09:30:24+00:00","dateModified":"2021-12-11T18:06:35+00:00","breadcrumb":{"@id":"https:\/\/primaertherapie-kiel.de\/psychotherapie\/#breadcrumb"},"inLanguage":"de","potentialAction":[{"@type":"ReadAction","target":["https:\/\/primaertherapie-kiel.de\/psychotherapie\/"]}]},{"@type":"BreadcrumbList","@id":"https:\/\/primaertherapie-kiel.de\/psychotherapie\/#breadcrumb","itemListElement":[{"@type":"ListItem","position":1,"name":"Startseite","item":"https:\/\/primaertherapie-kiel.de\/psychotherapie\/"},{"@type":"ListItem","position":2,"name":""}]}]}},"_links":{"self":[{"href":"https:\/\/primaertherapie-kiel.de\/psychotherapie\/wp-json\/wp\/v2\/pages\/80"}],"collection":[{"href":"https:\/\/primaertherapie-kiel.de\/psychotherapie\/wp-json\/wp\/v2\/pages"}],"about":[{"href":"https:\/\/primaertherapie-kiel.de\/psychotherapie\/wp-json\/wp\/v2\/types\/page"}],"author":[{"embeddable":true,"href":"https:\/\/primaertherapie-kiel.de\/psychotherapie\/wp-json\/wp\/v2\/users\/1"}],"replies":[{"embeddable":true,"href":"https:\/\/primaertherapie-kiel.de\/psychotherapie\/wp-json\/wp\/v2\/comments?post=80"}],"version-history":[{"count":11,"href":"https:\/\/primaertherapie-kiel.de\/psychotherapie\/wp-json\/wp\/v2\/pages\/80\/revisions"}],"predecessor-version":[{"id":615,"href":"https:\/\/primaertherapie-kiel.de\/psychotherapie\/wp-json\/wp\/v2\/pages\/80\/revisions\/615"}],"wp:attachment":[{"href":"https:\/\/primaertherapie-kiel.de\/psychotherapie\/wp-json\/wp\/v2\/media?parent=80"}],"curies":[{"name":"wp","href":"https:\/\/api.w.org\/{rel}","templated":true}]}}