{"id":166,"date":"2020-07-01T18:45:40","date_gmt":"2020-07-01T16:45:40","guid":{"rendered":"https:\/\/primaertherapie-kiel.de\/psychotherapie\/?page_id=166"},"modified":"2020-12-31T19:12:49","modified_gmt":"2020-12-31T18:12:49","slug":"praxis","status":"publish","type":"page","link":"https:\/\/primaertherapie-kiel.de\/psychotherapie\/praxis\/","title":{"rendered":"Praxis"},"content":{"rendered":"\t\t<div data-elementor-type=\"wp-page\" data-elementor-id=\"166\" class=\"elementor elementor-166\" data-elementor-settings=\"[]\">\n\t\t\t\t\t\t<div class=\"elementor-inner\">\n\t\t\t\t\t\t\t<div class=\"elementor-section-wrap\">\n\t\t\t\t\t\t\t<section class=\"elementor-section elementor-top-section elementor-element elementor-element-322d98e1 elementor-section-height-min-height elementor-section-items-top elementor-section-boxed elementor-section-height-default\" data-id=\"322d98e1\" data-element_type=\"section\" data-settings=\"{&quot;background_background&quot;:&quot;classic&quot;}\">\n\t\t\t\t\t\t<div class=\"elementor-container elementor-column-gap-default\">\n\t\t\t\t\t\t\t<div class=\"elementor-row\">\n\t\t\t\t\t<div class=\"elementor-column elementor-col-50 elementor-top-column elementor-element elementor-element-4d190a1e\" data-id=\"4d190a1e\" data-element_type=\"column\">\n\t\t\t<div class=\"elementor-column-wrap elementor-element-populated\">\n\t\t\t\t\t\t\t<div class=\"elementor-widget-wrap\">\n\t\t\t\t\t\t<div class=\"elementor-element elementor-element-74739c9e elementor-widget elementor-widget-text-editor\" data-id=\"74739c9e\" data-element_type=\"widget\" data-widget_type=\"text-editor.default\">\n\t\t\t\t<div class=\"elementor-widget-container\">\n\t\t\t\t\t\t\t\t<div class=\"elementor-text-editor elementor-clearfix\">\n\t\t\t\t<h2>Die R\u00e4umlichkeiten der Praxis<\/h2>\n<p>Die Praxis liegt ruihg und entwas versteckt in der Lornsenstra\u00dfe 41, 24105 Kiel. Seminare finden derzeit nahe der Ostesee bei Sch\u00f6nberg statt<\/p>\t\t\t\t\t<\/div>\n\t\t\t\t\t\t<\/div>\n\t\t\t\t<\/div>\n\t\t\t\t\t\t<\/div>\n\t\t\t\t\t<\/div>\n\t\t<\/div>\n\t\t\t\t<div class=\"elementor-column elementor-col-50 elementor-top-column elementor-element elementor-element-1b711e5\" data-id=\"1b711e5\" data-element_type=\"column\">\n\t\t\t<div class=\"elementor-column-wrap elementor-element-populated\">\n\t\t\t\t\t\t\t<div class=\"elementor-widget-wrap\">\n\t\t\t\t\t\t<div class=\"elementor-element elementor-element-7bdfcad elementor-widget elementor-widget-text-editor\" data-id=\"7bdfcad\" data-element_type=\"widget\" data-widget_type=\"text-editor.default\">\n\t\t\t\t<div class=\"elementor-widget-container\">\n\t\t\t\t\t\t\t\t<div class=\"elementor-text-editor elementor-clearfix\">\n\t\t\t\t\t\t\t\t\t<\/div>\n\t\t\t\t\t\t<\/div>\n\t\t\t\t<\/div>\n\t\t\t\t\t\t<\/div>\n\t\t\t\t\t<\/div>\n\t\t<\/div>\n\t\t\t\t\t\t\t\t<\/div>\n\t\t\t\t\t<\/div>\n\t\t<\/section>\n\t\t\t\t<section class=\"elementor-section elementor-top-section elementor-element elementor-element-654348f elementor-section-boxed elementor-section-height-default elementor-section-height-default\" data-id=\"654348f\" data-element_type=\"section\" data-settings=\"{&quot;background_background&quot;:&quot;classic&quot;}\">\n\t\t\t\t\t\t<div class=\"elementor-container elementor-column-gap-default\">\n\t\t\t\t\t\t\t<div class=\"elementor-row\">\n\t\t\t\t\t<div class=\"elementor-column elementor-col-100 elementor-top-column elementor-element elementor-element-d60adcf\" data-id=\"d60adcf\" data-element_type=\"column\">\n\t\t\t<div class=\"elementor-column-wrap elementor-element-populated\">\n\t\t\t\t\t\t\t<div class=\"elementor-widget-wrap\">\n\t\t\t\t\t\t<div class=\"elementor-element elementor-element-f1847cc elementor-widget elementor-widget-spacer\" data-id=\"f1847cc\" data-element_type=\"widget\" data-widget_type=\"spacer.default\">\n\t\t\t\t<div class=\"elementor-widget-container\">\n\t\t\t\t\t<div class=\"elementor-spacer\">\n\t\t\t<div class=\"elementor-spacer-inner\"><\/div>\n\t\t<\/div>\n\t\t\t\t<\/div>\n\t\t\t\t<\/div>\n\t\t\t\t\t\t<\/div>\n\t\t\t\t\t<\/div>\n\t\t<\/div>\n\t\t\t\t\t\t\t\t<\/div>\n\t\t\t\t\t<\/div>\n\t\t<\/section>\n\t\t\t\t<section class=\"elementor-section elementor-top-section elementor-element elementor-element-b8f0c44 elementor-section-boxed elementor-section-height-default elementor-section-height-default\" data-id=\"b8f0c44\" data-element_type=\"section\" data-settings=\"{&quot;background_background&quot;:&quot;classic&quot;}\">\n\t\t\t\t\t\t<div class=\"elementor-container elementor-column-gap-default\">\n\t\t\t\t\t\t\t<div class=\"elementor-row\">\n\t\t\t\t\t<div class=\"elementor-column elementor-col-25 elementor-top-column elementor-element elementor-element-e3fb00c\" data-id=\"e3fb00c\" data-element_type=\"column\">\n\t\t\t<div class=\"elementor-column-wrap elementor-element-populated\">\n\t\t\t\t\t\t\t<div class=\"elementor-widget-wrap\">\n\t\t\t\t\t\t<div class=\"elementor-element elementor-element-ea830b1 elementor-widget elementor-widget-image\" data-id=\"ea830b1\" data-element_type=\"widget\" data-widget_type=\"image.default\">\n\t\t\t\t<div class=\"elementor-widget-container\">\n\t\t\t\t\t\t\t\t<div class=\"elementor-image\">\n\t\t\t\t\t\t\t\t\t\t\t\t<img src=\"https:\/\/primaertherapie-kiel.de\/psychotherapie\/wp-content\/plugins\/elementor\/assets\/images\/placeholder.png\" title=\"\" alt=\"\" \/>\t\t\t\t\t\t\t\t\t\t\t\t\t\t<\/div>\n\t\t\t\t\t\t<\/div>\n\t\t\t\t<\/div>\n\t\t\t\t\t\t<\/div>\n\t\t\t\t\t<\/div>\n\t\t<\/div>\n\t\t\t\t<div class=\"elementor-column elementor-col-25 elementor-top-column elementor-element elementor-element-4041e21\" data-id=\"4041e21\" data-element_type=\"column\">\n\t\t\t<div class=\"elementor-column-wrap elementor-element-populated\">\n\t\t\t\t\t\t\t<div class=\"elementor-widget-wrap\">\n\t\t\t\t\t\t<div class=\"elementor-element elementor-element-16451c6 elementor-widget elementor-widget-image\" data-id=\"16451c6\" data-element_type=\"widget\" data-widget_type=\"image.default\">\n\t\t\t\t<div class=\"elementor-widget-container\">\n\t\t\t\t\t\t\t\t<div class=\"elementor-image\">\n\t\t\t\t\t\t\t\t\t\t\t\t<img src=\"https:\/\/primaertherapie-kiel.de\/psychotherapie\/wp-content\/plugins\/elementor\/assets\/images\/placeholder.png\" title=\"\" alt=\"\" \/>\t\t\t\t\t\t\t\t\t\t\t\t\t\t<\/div>\n\t\t\t\t\t\t<\/div>\n\t\t\t\t<\/div>\n\t\t\t\t\t\t<\/div>\n\t\t\t\t\t<\/div>\n\t\t<\/div>\n\t\t\t\t<div class=\"elementor-column elementor-col-25 elementor-top-column elementor-element elementor-element-77be90b\" data-id=\"77be90b\" data-element_type=\"column\">\n\t\t\t<div class=\"elementor-column-wrap elementor-element-populated\">\n\t\t\t\t\t\t\t<div class=\"elementor-widget-wrap\">\n\t\t\t\t\t\t<div class=\"elementor-element elementor-element-aca007b elementor-widget elementor-widget-image\" data-id=\"aca007b\" data-element_type=\"widget\" data-widget_type=\"image.default\">\n\t\t\t\t<div class=\"elementor-widget-container\">\n\t\t\t\t\t\t\t\t<div class=\"elementor-image\">\n\t\t\t\t\t\t\t\t\t\t\t\t<img src=\"https:\/\/primaertherapie-kiel.de\/psychotherapie\/wp-content\/plugins\/elementor\/assets\/images\/placeholder.png\" title=\"\" alt=\"\" \/>\t\t\t\t\t\t\t\t\t\t\t\t\t\t<\/div>\n\t\t\t\t\t\t<\/div>\n\t\t\t\t<\/div>\n\t\t\t\t\t\t<\/div>\n\t\t\t\t\t<\/div>\n\t\t<\/div>\n\t\t\t\t<div class=\"elementor-column elementor-col-25 elementor-top-column elementor-element elementor-element-3dc3ed7\" data-id=\"3dc3ed7\" data-element_type=\"column\">\n\t\t\t<div class=\"elementor-column-wrap elementor-element-populated\">\n\t\t\t\t\t\t\t<div class=\"elementor-widget-wrap\">\n\t\t\t\t\t\t<div class=\"elementor-element elementor-element-c735da6 elementor-widget elementor-widget-image\" data-id=\"c735da6\" data-element_type=\"widget\" data-widget_type=\"image.default\">\n\t\t\t\t<div class=\"elementor-widget-container\">\n\t\t\t\t\t\t\t\t<div class=\"elementor-image\">\n\t\t\t\t\t\t\t\t\t\t\t\t<img src=\"https:\/\/primaertherapie-kiel.de\/psychotherapie\/wp-content\/plugins\/elementor\/assets\/images\/placeholder.png\" title=\"\" alt=\"\" \/>\t\t\t\t\t\t\t\t\t\t\t\t\t\t<\/div>\n\t\t\t\t\t\t<\/div>\n\t\t\t\t<\/div>\n\t\t\t\t\t\t<\/div>\n\t\t\t\t\t<\/div>\n\t\t<\/div>\n\t\t\t\t\t\t\t\t<\/div>\n\t\t\t\t\t<\/div>\n\t\t<\/section>\n\t\t\t\t<section class=\"elementor-section elementor-top-section elementor-element elementor-element-e95022d elementor-section-boxed elementor-section-height-default elementor-section-height-default\" data-id=\"e95022d\" data-element_type=\"section\" data-settings=\"{&quot;background_background&quot;:&quot;classic&quot;}\">\n\t\t\t\t\t\t<div class=\"elementor-container elementor-column-gap-default\">\n\t\t\t\t\t\t\t<div class=\"elementor-row\">\n\t\t\t\t\t<div class=\"elementor-column elementor-col-25 elementor-top-column elementor-element elementor-element-593a21e\" data-id=\"593a21e\" data-element_type=\"column\">\n\t\t\t<div class=\"elementor-column-wrap elementor-element-populated\">\n\t\t\t\t\t\t\t<div class=\"elementor-widget-wrap\">\n\t\t\t\t\t\t<div class=\"elementor-element elementor-element-df70efc elementor-widget elementor-widget-image\" data-id=\"df70efc\" data-element_type=\"widget\" data-widget_type=\"image.default\">\n\t\t\t\t<div class=\"elementor-widget-container\">\n\t\t\t\t\t\t\t\t<div class=\"elementor-image\">\n\t\t\t\t\t\t\t\t\t\t\t\t<img src=\"https:\/\/primaertherapie-kiel.de\/psychotherapie\/wp-content\/plugins\/elementor\/assets\/images\/placeholder.png\" title=\"\" alt=\"\" \/>\t\t\t\t\t\t\t\t\t\t\t\t\t\t<\/div>\n\t\t\t\t\t\t<\/div>\n\t\t\t\t<\/div>\n\t\t\t\t\t\t<\/div>\n\t\t\t\t\t<\/div>\n\t\t<\/div>\n\t\t\t\t<div class=\"elementor-column elementor-col-25 elementor-top-column elementor-element elementor-element-8d4aae1\" data-id=\"8d4aae1\" data-element_type=\"column\">\n\t\t\t<div class=\"elementor-column-wrap elementor-element-populated\">\n\t\t\t\t\t\t\t<div class=\"elementor-widget-wrap\">\n\t\t\t\t\t\t<div class=\"elementor-element elementor-element-0d2a4d3 elementor-widget elementor-widget-image\" data-id=\"0d2a4d3\" data-element_type=\"widget\" data-widget_type=\"image.default\">\n\t\t\t\t<div class=\"elementor-widget-container\">\n\t\t\t\t\t\t\t\t<div class=\"elementor-image\">\n\t\t\t\t\t\t\t\t\t\t\t\t<img src=\"https:\/\/primaertherapie-kiel.de\/psychotherapie\/wp-content\/plugins\/elementor\/assets\/images\/placeholder.png\" title=\"\" alt=\"\" \/>\t\t\t\t\t\t\t\t\t\t\t\t\t\t<\/div>\n\t\t\t\t\t\t<\/div>\n\t\t\t\t<\/div>\n\t\t\t\t\t\t<\/div>\n\t\t\t\t\t<\/div>\n\t\t<\/div>\n\t\t\t\t<div class=\"elementor-column elementor-col-25 elementor-top-column elementor-element elementor-element-7818a85\" data-id=\"7818a85\" data-element_type=\"column\">\n\t\t\t<div class=\"elementor-column-wrap elementor-element-populated\">\n\t\t\t\t\t\t\t<div class=\"elementor-widget-wrap\">\n\t\t\t\t\t\t<div class=\"elementor-element elementor-element-df2ecfe elementor-widget elementor-widget-image\" data-id=\"df2ecfe\" data-element_type=\"widget\" data-widget_type=\"image.default\">\n\t\t\t\t<div class=\"elementor-widget-container\">\n\t\t\t\t\t\t\t\t<div class=\"elementor-image\">\n\t\t\t\t\t\t\t\t\t\t\t\t<img src=\"https:\/\/primaertherapie-kiel.de\/psychotherapie\/wp-content\/plugins\/elementor\/assets\/images\/placeholder.png\" title=\"\" alt=\"\" \/>\t\t\t\t\t\t\t\t\t\t\t\t\t\t<\/div>\n\t\t\t\t\t\t<\/div>\n\t\t\t\t<\/div>\n\t\t\t\t\t\t<\/div>\n\t\t\t\t\t<\/div>\n\t\t<\/div>\n\t\t\t\t<div class=\"elementor-column elementor-col-25 elementor-top-column elementor-element elementor-element-7dc6fc5\" data-id=\"7dc6fc5\" data-element_type=\"column\">\n\t\t\t<div class=\"elementor-column-wrap elementor-element-populated\">\n\t\t\t\t\t\t\t<div class=\"elementor-widget-wrap\">\n\t\t\t\t\t\t<div class=\"elementor-element elementor-element-aa47fdb elementor-widget elementor-widget-image\" data-id=\"aa47fdb\" data-element_type=\"widget\" data-widget_type=\"image.default\">\n\t\t\t\t<div class=\"elementor-widget-container\">\n\t\t\t\t\t\t\t\t<div class=\"elementor-image\">\n\t\t\t\t\t\t\t\t\t\t\t\t<img src=\"https:\/\/primaertherapie-kiel.de\/psychotherapie\/wp-content\/plugins\/elementor\/assets\/images\/placeholder.png\" title=\"\" alt=\"\" \/>\t\t\t\t\t\t\t\t\t\t\t\t\t\t<\/div>\n\t\t\t\t\t\t<\/div>\n\t\t\t\t<\/div>\n\t\t\t\t\t\t<\/div>\n\t\t\t\t\t<\/div>\n\t\t<\/div>\n\t\t\t\t\t\t\t\t<\/div>\n\t\t\t\t\t<\/div>\n\t\t<\/section>\n\t\t\t\t\t\t<\/div>\n\t\t\t\t\t\t<\/div>\n\t\t\t\t\t<\/div>\n\t\t","protected":false},"excerpt":{"rendered":"<p>Die R\u00e4umlichkeiten der Praxis Die Praxis liegt ruihg und entwas versteckt in der Lornsenstra\u00dfe 41, 24105 Kiel. Seminare finden derzeit nahe der Ostesee bei Sch\u00f6nberg statt<\/p>\n","protected":false},"author":1,"featured_media":0,"parent":0,"menu_order":1,"comment_status":"closed","ping_status":"closed","template":"","meta":[],"yoast_head":"<!-- This site is optimized with the Yoast SEO plugin v17.5 - https:\/\/yoast.com\/wordpress\/plugins\/seo\/ -->\n<title>Praxis - Psychotherapie Kiel<\/title>\n<meta name=\"robots\" content=\"index, follow, max-snippet:-1, max-image-preview:large, max-video-preview:-1\" \/>\n<link rel=\"canonical\" href=\"https:\/\/primaertherapie-kiel.de\/psychotherapie\/praxis\/\" \/>\n<meta property=\"og:locale\" content=\"de_DE\" \/>\n<meta property=\"og:type\" content=\"article\" \/>\n<meta property=\"og:title\" content=\"Praxis - Psychotherapie Kiel\" \/>\n<meta property=\"og:description\" content=\"Die R\u00e4umlichkeiten der Praxis Die Praxis liegt ruihg und entwas versteckt in der Lornsenstra\u00dfe 41, 24105 Kiel. Seminare finden derzeit nahe der Ostesee bei Sch\u00f6nberg statt\" \/>\n<meta property=\"og:url\" content=\"https:\/\/primaertherapie-kiel.de\/psychotherapie\/praxis\/\" \/>\n<meta property=\"og:site_name\" content=\"Psychotherapie Kiel\" \/>\n<meta property=\"article:modified_time\" content=\"2020-12-31T18:12:49+00:00\" \/>\n<meta property=\"og:image\" content=\"https:\/\/primaertherapie-kiel.de\/psychotherapie\/wp-content\/plugins\/elementor\/assets\/images\/placeholder.png\" \/>\n<meta name=\"twitter:card\" content=\"summary_large_image\" \/>\n<script type=\"application\/ld+json\" class=\"yoast-schema-graph\">{\"@context\":\"https:\/\/schema.org\",\"@graph\":[{\"@type\":\"WebSite\",\"@id\":\"https:\/\/primaertherapie-kiel.de\/psychotherapie\/#website\",\"url\":\"https:\/\/primaertherapie-kiel.de\/psychotherapie\/\",\"name\":\"Psychotherapie Kiel\",\"description\":\"Fabian Becker (HP-Psych , Dipl.Soz.P\\u00e4d)\",\"potentialAction\":[{\"@type\":\"SearchAction\",\"target\":{\"@type\":\"EntryPoint\",\"urlTemplate\":\"https:\/\/primaertherapie-kiel.de\/psychotherapie\/?s={search_term_string}\"},\"query-input\":\"required name=search_term_string\"}],\"inLanguage\":\"de\"},{\"@type\":\"ImageObject\",\"@id\":\"https:\/\/primaertherapie-kiel.de\/psychotherapie\/praxis\/#primaryimage\",\"inLanguage\":\"de\",\"url\":\"https:\/\/primaertherapie-kiel.de\/psychotherapie\/wp-content\/plugins\/elementor\/assets\/images\/placeholder.png\",\"contentUrl\":\"https:\/\/primaertherapie-kiel.de\/psychotherapie\/wp-content\/plugins\/elementor\/assets\/images\/placeholder.png\"},{\"@type\":\"WebPage\",\"@id\":\"https:\/\/primaertherapie-kiel.de\/psychotherapie\/praxis\/#webpage\",\"url\":\"https:\/\/primaertherapie-kiel.de\/psychotherapie\/praxis\/\",\"name\":\"Praxis - Psychotherapie Kiel\",\"isPartOf\":{\"@id\":\"https:\/\/primaertherapie-kiel.de\/psychotherapie\/#website\"},\"primaryImageOfPage\":{\"@id\":\"https:\/\/primaertherapie-kiel.de\/psychotherapie\/praxis\/#primaryimage\"},\"datePublished\":\"2020-07-01T16:45:40+00:00\",\"dateModified\":\"2020-12-31T18:12:49+00:00\",\"breadcrumb\":{\"@id\":\"https:\/\/primaertherapie-kiel.de\/psychotherapie\/praxis\/#breadcrumb\"},\"inLanguage\":\"de\",\"potentialAction\":[{\"@type\":\"ReadAction\",\"target\":[\"https:\/\/primaertherapie-kiel.de\/psychotherapie\/praxis\/\"]}]},{\"@type\":\"BreadcrumbList\",\"@id\":\"https:\/\/primaertherapie-kiel.de\/psychotherapie\/praxis\/#breadcrumb\",\"itemListElement\":[{\"@type\":\"ListItem\",\"position\":1,\"name\":\"Startseite\",\"item\":\"https:\/\/primaertherapie-kiel.de\/psychotherapie\/\"},{\"@type\":\"ListItem\",\"position\":2,\"name\":\"Praxis\"}]}]}<\/script>\n<!-- \/ Yoast SEO plugin. -->","yoast_head_json":{"title":"Praxis - Psychotherapie Kiel","robots":{"index":"index","follow":"follow","max-snippet":"max-snippet:-1","max-image-preview":"max-image-preview:large","max-video-preview":"max-video-preview:-1"},"canonical":"https:\/\/primaertherapie-kiel.de\/psychotherapie\/praxis\/","og_locale":"de_DE","og_type":"article","og_title":"Praxis - Psychotherapie Kiel","og_description":"Die R\u00e4umlichkeiten der Praxis Die Praxis liegt ruihg und entwas versteckt in der Lornsenstra\u00dfe 41, 24105 Kiel. Seminare finden derzeit nahe der Ostesee bei Sch\u00f6nberg statt","og_url":"https:\/\/primaertherapie-kiel.de\/psychotherapie\/praxis\/","og_site_name":"Psychotherapie Kiel","article_modified_time":"2020-12-31T18:12:49+00:00","og_image":[{"url":"https:\/\/primaertherapie-kiel.de\/psychotherapie\/wp-content\/plugins\/elementor\/assets\/images\/placeholder.png"}],"twitter_card":"summary_large_image","schema":{"@context":"https:\/\/schema.org","@graph":[{"@type":"WebSite","@id":"https:\/\/primaertherapie-kiel.de\/psychotherapie\/#website","url":"https:\/\/primaertherapie-kiel.de\/psychotherapie\/","name":"Psychotherapie Kiel","description":"Fabian Becker (HP-Psych , Dipl.Soz.P\u00e4d)","potentialAction":[{"@type":"SearchAction","target":{"@type":"EntryPoint","urlTemplate":"https:\/\/primaertherapie-kiel.de\/psychotherapie\/?s={search_term_string}"},"query-input":"required name=search_term_string"}],"inLanguage":"de"},{"@type":"ImageObject","@id":"https:\/\/primaertherapie-kiel.de\/psychotherapie\/praxis\/#primaryimage","inLanguage":"de","url":"https:\/\/primaertherapie-kiel.de\/psychotherapie\/wp-content\/plugins\/elementor\/assets\/images\/placeholder.png","contentUrl":"https:\/\/primaertherapie-kiel.de\/psychotherapie\/wp-content\/plugins\/elementor\/assets\/images\/placeholder.png"},{"@type":"WebPage","@id":"https:\/\/primaertherapie-kiel.de\/psychotherapie\/praxis\/#webpage","url":"https:\/\/primaertherapie-kiel.de\/psychotherapie\/praxis\/","name":"Praxis - Psychotherapie Kiel","isPartOf":{"@id":"https:\/\/primaertherapie-kiel.de\/psychotherapie\/#website"},"primaryImageOfPage":{"@id":"https:\/\/primaertherapie-kiel.de\/psychotherapie\/praxis\/#primaryimage"},"datePublished":"2020-07-01T16:45:40+00:00","dateModified":"2020-12-31T18:12:49+00:00","breadcrumb":{"@id":"https:\/\/primaertherapie-kiel.de\/psychotherapie\/praxis\/#breadcrumb"},"inLanguage":"de","potentialAction":[{"@type":"ReadAction","target":["https:\/\/primaertherapie-kiel.de\/psychotherapie\/praxis\/"]}]},{"@type":"BreadcrumbList","@id":"https:\/\/primaertherapie-kiel.de\/psychotherapie\/praxis\/#breadcrumb","itemListElement":[{"@type":"ListItem","position":1,"name":"Startseite","item":"https:\/\/primaertherapie-kiel.de\/psychotherapie\/"},{"@type":"ListItem","position":2,"name":"Praxis"}]}]}},"_links":{"self":[{"href":"https:\/\/primaertherapie-kiel.de\/psychotherapie\/wp-json\/wp\/v2\/pages\/166"}],"collection":[{"href":"https:\/\/primaertherapie-kiel.de\/psychotherapie\/wp-json\/wp\/v2\/pages"}],"about":[{"href":"https:\/\/primaertherapie-kiel.de\/psychotherapie\/wp-json\/wp\/v2\/types\/page"}],"author":[{"embeddable":true,"href":"https:\/\/primaertherapie-kiel.de\/psychotherapie\/wp-json\/wp\/v2\/users\/1"}],"replies":[{"embeddable":true,"href":"https:\/\/primaertherapie-kiel.de\/psychotherapie\/wp-json\/wp\/v2\/comments?post=166"}],"version-history":[{"count":4,"href":"https:\/\/primaertherapie-kiel.de\/psychotherapie\/wp-json\/wp\/v2\/pages\/166\/revisions"}],"predecessor-version":[{"id":461,"href":"https:\/\/primaertherapie-kiel.de\/psychotherapie\/wp-json\/wp\/v2\/pages\/166\/revisions\/461"}],"wp:attachment":[{"href":"https:\/\/primaertherapie-kiel.de\/psychotherapie\/wp-json\/wp\/v2\/media?parent=166"}],"curies":[{"name":"wp","href":"https:\/\/api.w.org\/{rel}","templated":true}]}}